{"id":3791,"date":"2023-10-10T13:43:08","date_gmt":"2023-10-10T13:43:08","guid":{"rendered":"https:\/\/www.icodtesa.com.es\/GESTION\/?page_id=3791"},"modified":"2023-11-29T12:28:01","modified_gmt":"2023-11-29T12:28:01","slug":"avisos","status":"publish","type":"page","link":"https:\/\/www.icodtesa.com.es\/GESTION\/avisos\/","title":{"rendered":"Avisos"},"content":{"rendered":"\t\t<div data-elementor-type=\"wp-page\" data-elementor-id=\"3791\" class=\"elementor elementor-3791\" data-elementor-post-type=\"page\">\n\t\t\t\t\t\t<section class=\"elementor-section elementor-top-section elementor-element elementor-element-9cdf6d8 elementor-section-full_width elementor-section-height-default elementor-section-height-default\" data-id=\"9cdf6d8\" data-element_type=\"section\">\n\t\t\t\t\t\t<div class=\"elementor-container elementor-column-gap-default\">\n\t\t\t\t\t<div class=\"elementor-column elementor-col-50 elementor-top-column elementor-element elementor-element-ac21e95\" data-id=\"ac21e95\" data-element_type=\"column\">\n\t\t\t<div class=\"elementor-widget-wrap elementor-element-populated\">\n\t\t\t\t\t\t<div class=\"elementor-element elementor-element-fe9073c elementor-widget elementor-widget-text-editor\" data-id=\"fe9073c\" data-element_type=\"widget\" data-widget_type=\"text-editor.default\">\n\t\t\t\t<div class=\"elementor-widget-container\">\n\t\t\t\t\t\t\t\t\t<p>Estimados usuarios de la piscina municipal de Icod de los Vinos,<\/p><p>Esperamos que se encuentren bien. Queremos informarles que, debido a la alarma climatol\u00f3gica anunciada por el Gobierno de Canarias, hemos tomado la decisi\u00f3n de cerrar <span style=\"text-decoration: underline;\"><strong>HASTA EL S\u00c1BADO 14 DE OCTUBRE (INCLUSIVE)<\/strong><\/span> nuestras instalaciones por motivos de seguridad.<\/p><p>La seguridad y el bienestar de nuestros usuarios son nuestra m\u00e1xima prioridad, y dado que las condiciones clim\u00e1ticas previstas pueden representar un riesgo, hemos decidido tomar esta medida preventiva.<\/p><p>Lamentamos los inconvenientes que esto pueda causar y agradecemos su comprensi\u00f3n. Estaremos monitoreando de cerca la situaci\u00f3n clim\u00e1tica y les informaremos tan pronto como sea seguro reabrir nuestras instalaciones.<\/p><p>Mientras tanto, les instamos a seguir las recomendaciones y advertencias emitidas por las autoridades locales y a tomar las precauciones necesarias para mantenerse a salvo durante este per\u00edodo.<\/p><p>Les agradecemos su colaboraci\u00f3n y paciencia en estos momentos dif\u00edciles y esperamos volver a darles la bienvenida a la piscina municipal de Icod de los Vinos tan pronto como sea posible.<\/p><p>Atentamente, el personal de ICODTESA.<\/p>\t\t\t\t\t\t\t\t<\/div>\n\t\t\t\t<\/div>\n\t\t\t\t\t<\/div>\n\t\t<\/div>\n\t\t\t\t<div class=\"elementor-column elementor-col-50 elementor-top-column elementor-element elementor-element-478c90a\" data-id=\"478c90a\" data-element_type=\"column\">\n\t\t\t<div class=\"elementor-widget-wrap elementor-element-populated\">\n\t\t\t\t\t\t<div class=\"elementor-element elementor-element-2f1e25e elementor-widget elementor-widget-image\" data-id=\"2f1e25e\" data-element_type=\"widget\" data-widget_type=\"image.default\">\n\t\t\t\t<div class=\"elementor-widget-container\">\n\t\t\t\t\t\t\t\t\t\t\t\t\t\t\t<img fetchpriority=\"high\" decoding=\"async\" width=\"724\" height=\"1024\" src=\"https:\/\/www.icodtesa.com.es\/GESTION\/wp-content\/uploads\/2023\/10\/Documento-A4-Cartel-No-se-admite-publicidad-minimalista-en-color-azul-y-blanco-724x1024.png\" class=\"attachment-large size-large wp-image-3795\" alt=\"\" srcset=\"https:\/\/www.icodtesa.com.es\/GESTION\/wp-content\/uploads\/2023\/10\/Documento-A4-Cartel-No-se-admite-publicidad-minimalista-en-color-azul-y-blanco-724x1024.png 724w, https:\/\/www.icodtesa.com.es\/GESTION\/wp-content\/uploads\/2023\/10\/Documento-A4-Cartel-No-se-admite-publicidad-minimalista-en-color-azul-y-blanco-212x300.png 212w, https:\/\/www.icodtesa.com.es\/GESTION\/wp-content\/uploads\/2023\/10\/Documento-A4-Cartel-No-se-admite-publicidad-minimalista-en-color-azul-y-blanco-768x1086.png 768w, https:\/\/www.icodtesa.com.es\/GESTION\/wp-content\/uploads\/2023\/10\/Documento-A4-Cartel-No-se-admite-publicidad-minimalista-en-color-azul-y-blanco-1086x1536.png 1086w, https:\/\/www.icodtesa.com.es\/GESTION\/wp-content\/uploads\/2023\/10\/Documento-A4-Cartel-No-se-admite-publicidad-minimalista-en-color-azul-y-blanco.png 1414w\" sizes=\"(max-width: 724px) 100vw, 724px\" \/>\t\t\t\t\t\t\t\t\t\t\t\t\t\t\t<\/div>\n\t\t\t\t<\/div>\n\t\t\t\t\t<\/div>\n\t\t<\/div>\n\t\t\t\t\t<\/div>\n\t\t<\/section>\n\t\t\t\t<\/div>\n\t\t","protected":false},"excerpt":{"rendered":"<p>Estimados usuarios de la piscina municipal de Icod de los Vinos, Esperamos que se encuentren bien. Queremos informarles que, debido a la alarma climatol\u00f3gica anunciada por el Gobierno de Canarias, hemos tomado la decisi\u00f3n de cerrar HASTA EL S\u00c1BADO 14 DE OCTUBRE (INCLUSIVE) nuestras instalaciones por motivos de seguridad. La seguridad y el bienestar de [&hellip;]<\/p>\n","protected":false},"author":1,"featured_media":0,"parent":0,"menu_order":0,"comment_status":"closed","ping_status":"closed","template":"","meta":{"_monsterinsights_skip_tracking":false,"_monsterinsights_sitenote_active":false,"_monsterinsights_sitenote_note":"","_monsterinsights_sitenote_category":0,"site-sidebar-layout":"no-sidebar","site-content-layout":"page-builder","ast-site-content-layout":"full-width-container","site-content-style":"unboxed","site-sidebar-style":"unboxed","ast-global-header-display":"","ast-banner-title-visibility":"","ast-main-header-display":"","ast-hfb-above-header-display":"","ast-hfb-below-header-display":"","ast-hfb-mobile-header-display":"","site-post-title":"disabled","ast-breadcrumbs-content":"","ast-featured-img":"disabled","footer-sml-layout":"","ast-disable-related-posts":"","theme-transparent-header-meta":"","adv-header-id-meta":"","stick-header-meta":"","header-above-stick-meta":"","header-main-stick-meta":"","header-below-stick-meta":"","astra-migrate-meta-layouts":"set","ast-page-background-enabled":"default","ast-page-background-meta":{"desktop":{"background-color":"","background-image":"","background-repeat":"repeat","background-position":"center center","background-size":"auto","background-attachment":"scroll","background-type":"","background-media":"","overlay-type":"","overlay-color":"","overlay-opacity":"","overlay-gradient":""},"tablet":{"background-color":"","background-image":"","background-repeat":"repeat","background-position":"center center","background-size":"auto","background-attachment":"scroll","background-type":"","background-media":"","overlay-type":"","overlay-color":"","overlay-opacity":"","overlay-gradient":""},"mobile":{"background-color":"","background-image":"","background-repeat":"repeat","background-position":"center center","background-size":"auto","background-attachment":"scroll","background-type":"","background-media":"","overlay-type":"","overlay-color":"","overlay-opacity":"","overlay-gradient":""}},"ast-content-background-meta":{"desktop":{"background-color":"var(--ast-global-color-5)","background-image":"","background-repeat":"repeat","background-position":"center center","background-size":"auto","background-attachment":"scroll","background-type":"","background-media":"","overlay-type":"","overlay-color":"","overlay-opacity":"","overlay-gradient":""},"tablet":{"background-color":"var(--ast-global-color-5)","background-image":"","background-repeat":"repeat","background-position":"center center","background-size":"auto","background-attachment":"scroll","background-type":"","background-media":"","overlay-type":"","overlay-color":"","overlay-opacity":"","overlay-gradient":""},"mobile":{"background-color":"var(--ast-global-color-5)","background-image":"","background-repeat":"repeat","background-position":"center center","background-size":"auto","background-attachment":"scroll","background-type":"","background-media":"","overlay-type":"","overlay-color":"","overlay-opacity":"","overlay-gradient":""}},"footnotes":""},"class_list":["post-3791","page","type-page","status-publish","hentry"],"yoast_head":"<!-- This site is optimized with the Yoast SEO plugin v25.4 - https:\/\/yoast.com\/wordpress\/plugins\/seo\/ -->\n<title>Avisos - Icodtesa<\/title>\n<meta name=\"description\" content=\"P\u00e1gina de avisos y noticias sobre ICODTESA, parque del Drago, piscina municipal...\" \/>\n<meta name=\"robots\" content=\"index, follow, max-snippet:-1, max-image-preview:large, max-video-preview:-1\" \/>\n<link rel=\"canonical\" href=\"https:\/\/www.icodtesa.com.es\/GESTION\/avisos\/\" \/>\n<meta property=\"og:locale\" content=\"es_ES\" \/>\n<meta property=\"og:type\" content=\"article\" \/>\n<meta property=\"og:title\" content=\"Avisos - Icodtesa\" \/>\n<meta property=\"og:description\" content=\"P\u00e1gina de avisos y noticias sobre ICODTESA, parque del Drago, piscina municipal...\" \/>\n<meta property=\"og:url\" content=\"https:\/\/www.icodtesa.com.es\/GESTION\/avisos\/\" \/>\n<meta property=\"og:site_name\" content=\"Icodtesa\" \/>\n<meta property=\"article:publisher\" content=\"https:\/\/www.facebook.com\/dragoicodtesa\" \/>\n<meta property=\"article:modified_time\" content=\"2023-11-29T12:28:01+00:00\" \/>\n<meta property=\"og:image\" content=\"http:\/\/www.icodtesa.com.es\/GESTION\/wp-content\/uploads\/2023\/10\/Documento-A4-Cartel-No-se-admite-publicidad-minimalista-en-color-azul-y-blanco-724x1024.png\" \/>\n<meta name=\"twitter:card\" content=\"summary_large_image\" \/>\n<meta name=\"twitter:site\" content=\"@dragoicodtesa\" \/>\n<meta name=\"twitter:label1\" content=\"Tiempo de lectura\" \/>\n\t<meta name=\"twitter:data1\" content=\"1 minuto\" \/>\n<script type=\"application\/ld+json\" class=\"yoast-schema-graph\">{\"@context\":\"https:\/\/schema.org\",\"@graph\":[{\"@type\":\"WebPage\",\"@id\":\"https:\/\/www.icodtesa.com.es\/GESTION\/avisos\/\",\"url\":\"https:\/\/www.icodtesa.com.es\/GESTION\/avisos\/\",\"name\":\"Avisos - Icodtesa\",\"isPartOf\":{\"@id\":\"https:\/\/www.icodtesa.com.es\/GESTION\/#website\"},\"primaryImageOfPage\":{\"@id\":\"https:\/\/www.icodtesa.com.es\/GESTION\/avisos\/#primaryimage\"},\"image\":{\"@id\":\"https:\/\/www.icodtesa.com.es\/GESTION\/avisos\/#primaryimage\"},\"thumbnailUrl\":\"http:\/\/www.icodtesa.com.es\/GESTION\/wp-content\/uploads\/2023\/10\/Documento-A4-Cartel-No-se-admite-publicidad-minimalista-en-color-azul-y-blanco-724x1024.png\",\"datePublished\":\"2023-10-10T13:43:08+00:00\",\"dateModified\":\"2023-11-29T12:28:01+00:00\",\"description\":\"P\u00e1gina de avisos y noticias sobre ICODTESA, parque del Drago, piscina municipal...\",\"breadcrumb\":{\"@id\":\"https:\/\/www.icodtesa.com.es\/GESTION\/avisos\/#breadcrumb\"},\"inLanguage\":\"es\",\"potentialAction\":[{\"@type\":\"ReadAction\",\"target\":[\"https:\/\/www.icodtesa.com.es\/GESTION\/avisos\/\"]}]},{\"@type\":\"ImageObject\",\"inLanguage\":\"es\",\"@id\":\"https:\/\/www.icodtesa.com.es\/GESTION\/avisos\/#primaryimage\",\"url\":\"https:\/\/www.icodtesa.com.es\/GESTION\/wp-content\/uploads\/2023\/10\/Documento-A4-Cartel-No-se-admite-publicidad-minimalista-en-color-azul-y-blanco.png\",\"contentUrl\":\"https:\/\/www.icodtesa.com.es\/GESTION\/wp-content\/uploads\/2023\/10\/Documento-A4-Cartel-No-se-admite-publicidad-minimalista-en-color-azul-y-blanco.png\",\"width\":1414,\"height\":2000},{\"@type\":\"BreadcrumbList\",\"@id\":\"https:\/\/www.icodtesa.com.es\/GESTION\/avisos\/#breadcrumb\",\"itemListElement\":[{\"@type\":\"ListItem\",\"position\":1,\"name\":\"Portada\",\"item\":\"https:\/\/www.icodtesa.com.es\/GESTION\/\"},{\"@type\":\"ListItem\",\"position\":2,\"name\":\"Avisos\"}]},{\"@type\":\"WebSite\",\"@id\":\"https:\/\/www.icodtesa.com.es\/GESTION\/#website\",\"url\":\"https:\/\/www.icodtesa.com.es\/GESTION\/\",\"name\":\"Icodtesa\",\"description\":\"\",\"publisher\":{\"@id\":\"https:\/\/www.icodtesa.com.es\/GESTION\/#organization\"},\"potentialAction\":[{\"@type\":\"SearchAction\",\"target\":{\"@type\":\"EntryPoint\",\"urlTemplate\":\"https:\/\/www.icodtesa.com.es\/GESTION\/?s={search_term_string}\"},\"query-input\":{\"@type\":\"PropertyValueSpecification\",\"valueRequired\":true,\"valueName\":\"search_term_string\"}}],\"inLanguage\":\"es\"},{\"@type\":\"Organization\",\"@id\":\"https:\/\/www.icodtesa.com.es\/GESTION\/#organization\",\"name\":\"Icodtesa\",\"url\":\"https:\/\/www.icodtesa.com.es\/GESTION\/\",\"logo\":{\"@type\":\"ImageObject\",\"inLanguage\":\"es\",\"@id\":\"https:\/\/www.icodtesa.com.es\/GESTION\/#\/schema\/logo\/image\/\",\"url\":\"http:\/\/www.icodtesa.com.es\/GESTION\/wp-content\/uploads\/2022\/07\/LOGO-DEFINITIVO-1-1024x638-1.png\",\"contentUrl\":\"http:\/\/www.icodtesa.com.es\/GESTION\/wp-content\/uploads\/2022\/07\/LOGO-DEFINITIVO-1-1024x638-1.png\",\"width\":1024,\"height\":638,\"caption\":\"Icodtesa\"},\"image\":{\"@id\":\"https:\/\/www.icodtesa.com.es\/GESTION\/#\/schema\/logo\/image\/\"},\"sameAs\":[\"https:\/\/www.facebook.com\/dragoicodtesa\",\"https:\/\/x.com\/dragoicodtesa\",\"https:\/\/www.instagram.com\/dragoicodtesa\/\"]}]}<\/script>\n<!-- \/ Yoast SEO plugin. -->","yoast_head_json":{"title":"Avisos - Icodtesa","description":"P\u00e1gina de avisos y noticias sobre ICODTESA, parque del Drago, piscina municipal...","robots":{"index":"index","follow":"follow","max-snippet":"max-snippet:-1","max-image-preview":"max-image-preview:large","max-video-preview":"max-video-preview:-1"},"canonical":"https:\/\/www.icodtesa.com.es\/GESTION\/avisos\/","og_locale":"es_ES","og_type":"article","og_title":"Avisos - Icodtesa","og_description":"P\u00e1gina de avisos y noticias sobre ICODTESA, parque del Drago, piscina municipal...","og_url":"https:\/\/www.icodtesa.com.es\/GESTION\/avisos\/","og_site_name":"Icodtesa","article_publisher":"https:\/\/www.facebook.com\/dragoicodtesa","article_modified_time":"2023-11-29T12:28:01+00:00","og_image":[{"url":"http:\/\/www.icodtesa.com.es\/GESTION\/wp-content\/uploads\/2023\/10\/Documento-A4-Cartel-No-se-admite-publicidad-minimalista-en-color-azul-y-blanco-724x1024.png","type":"","width":"","height":""}],"twitter_card":"summary_large_image","twitter_site":"@dragoicodtesa","twitter_misc":{"Tiempo de lectura":"1 minuto"},"schema":{"@context":"https:\/\/schema.org","@graph":[{"@type":"WebPage","@id":"https:\/\/www.icodtesa.com.es\/GESTION\/avisos\/","url":"https:\/\/www.icodtesa.com.es\/GESTION\/avisos\/","name":"Avisos - Icodtesa","isPartOf":{"@id":"https:\/\/www.icodtesa.com.es\/GESTION\/#website"},"primaryImageOfPage":{"@id":"https:\/\/www.icodtesa.com.es\/GESTION\/avisos\/#primaryimage"},"image":{"@id":"https:\/\/www.icodtesa.com.es\/GESTION\/avisos\/#primaryimage"},"thumbnailUrl":"http:\/\/www.icodtesa.com.es\/GESTION\/wp-content\/uploads\/2023\/10\/Documento-A4-Cartel-No-se-admite-publicidad-minimalista-en-color-azul-y-blanco-724x1024.png","datePublished":"2023-10-10T13:43:08+00:00","dateModified":"2023-11-29T12:28:01+00:00","description":"P\u00e1gina de avisos y noticias sobre ICODTESA, parque del Drago, piscina municipal...","breadcrumb":{"@id":"https:\/\/www.icodtesa.com.es\/GESTION\/avisos\/#breadcrumb"},"inLanguage":"es","potentialAction":[{"@type":"ReadAction","target":["https:\/\/www.icodtesa.com.es\/GESTION\/avisos\/"]}]},{"@type":"ImageObject","inLanguage":"es","@id":"https:\/\/www.icodtesa.com.es\/GESTION\/avisos\/#primaryimage","url":"https:\/\/www.icodtesa.com.es\/GESTION\/wp-content\/uploads\/2023\/10\/Documento-A4-Cartel-No-se-admite-publicidad-minimalista-en-color-azul-y-blanco.png","contentUrl":"https:\/\/www.icodtesa.com.es\/GESTION\/wp-content\/uploads\/2023\/10\/Documento-A4-Cartel-No-se-admite-publicidad-minimalista-en-color-azul-y-blanco.png","width":1414,"height":2000},{"@type":"BreadcrumbList","@id":"https:\/\/www.icodtesa.com.es\/GESTION\/avisos\/#breadcrumb","itemListElement":[{"@type":"ListItem","position":1,"name":"Portada","item":"https:\/\/www.icodtesa.com.es\/GESTION\/"},{"@type":"ListItem","position":2,"name":"Avisos"}]},{"@type":"WebSite","@id":"https:\/\/www.icodtesa.com.es\/GESTION\/#website","url":"https:\/\/www.icodtesa.com.es\/GESTION\/","name":"Icodtesa","description":"","publisher":{"@id":"https:\/\/www.icodtesa.com.es\/GESTION\/#organization"},"potentialAction":[{"@type":"SearchAction","target":{"@type":"EntryPoint","urlTemplate":"https:\/\/www.icodtesa.com.es\/GESTION\/?s={search_term_string}"},"query-input":{"@type":"PropertyValueSpecification","valueRequired":true,"valueName":"search_term_string"}}],"inLanguage":"es"},{"@type":"Organization","@id":"https:\/\/www.icodtesa.com.es\/GESTION\/#organization","name":"Icodtesa","url":"https:\/\/www.icodtesa.com.es\/GESTION\/","logo":{"@type":"ImageObject","inLanguage":"es","@id":"https:\/\/www.icodtesa.com.es\/GESTION\/#\/schema\/logo\/image\/","url":"http:\/\/www.icodtesa.com.es\/GESTION\/wp-content\/uploads\/2022\/07\/LOGO-DEFINITIVO-1-1024x638-1.png","contentUrl":"http:\/\/www.icodtesa.com.es\/GESTION\/wp-content\/uploads\/2022\/07\/LOGO-DEFINITIVO-1-1024x638-1.png","width":1024,"height":638,"caption":"Icodtesa"},"image":{"@id":"https:\/\/www.icodtesa.com.es\/GESTION\/#\/schema\/logo\/image\/"},"sameAs":["https:\/\/www.facebook.com\/dragoicodtesa","https:\/\/x.com\/dragoicodtesa","https:\/\/www.instagram.com\/dragoicodtesa\/"]}]}},"_links":{"self":[{"href":"https:\/\/www.icodtesa.com.es\/GESTION\/wp-json\/wp\/v2\/pages\/3791","targetHints":{"allow":["GET"]}}],"collection":[{"href":"https:\/\/www.icodtesa.com.es\/GESTION\/wp-json\/wp\/v2\/pages"}],"about":[{"href":"https:\/\/www.icodtesa.com.es\/GESTION\/wp-json\/wp\/v2\/types\/page"}],"author":[{"embeddable":true,"href":"https:\/\/www.icodtesa.com.es\/GESTION\/wp-json\/wp\/v2\/users\/1"}],"replies":[{"embeddable":true,"href":"https:\/\/www.icodtesa.com.es\/GESTION\/wp-json\/wp\/v2\/comments?post=3791"}],"version-history":[{"count":8,"href":"https:\/\/www.icodtesa.com.es\/GESTION\/wp-json\/wp\/v2\/pages\/3791\/revisions"}],"predecessor-version":[{"id":4240,"href":"https:\/\/www.icodtesa.com.es\/GESTION\/wp-json\/wp\/v2\/pages\/3791\/revisions\/4240"}],"wp:attachment":[{"href":"https:\/\/www.icodtesa.com.es\/GESTION\/wp-json\/wp\/v2\/media?parent=3791"}],"curies":[{"name":"wp","href":"https:\/\/api.w.org\/{rel}","templated":true}]}}